-- https://www.phpmyadmin.net/
--
-- Hôte : localhost:3306
-- Généré le : mar. 07 juil. 2020 à 20:48
-- Version du serveur :  10.3.23-MariaDB
-- Version de PHP : 7.3.6

START TRANSACTION;



--
-- Base de données : `digitalcook_ouiping`
--

-- --------------------------------------------------------

--
-- Structure de la table `candidat_langues`
--

CREATE TABLE `candidat_langues` (
  `user_id` int(11) NOT NULL,
  `langues_id` int(11) NOT NULL
) ENGINE=InnoDB DEFAULT CHARSET=utf8 COLLATE=utf8_unicode_ci;

--
-- Déchargement des données de la table `candidat_langues`
--

INSERT INTO `candidat_langues` (`user_id`, `langues_id`) VALUES
(24, 1),
(24, 4),
(25, 4),
(25, 6),
(26, 4),
(27, 1),
(27, 6),
(28, 1),
(28, 4),
(28, 5),
(28, 6),
(31, 4),
(31, 5),
(33, 4),
(42, 1),
(42, 4);

-- --------------------------------------------------------

--
-- Structure de la table `contact_job`
--

CREATE TABLE `contact_job` (
  `id` int(11) NOT NULL,
  `fullName` varchar(255) COLLATE utf8_unicode_ci DEFAULT NULL,
  `date_create` datetime NOT NULL,
  `email` varchar(255) COLLATE utf8_unicode_ci DEFAULT NULL,
  `status` tinyint(1) DEFAULT NULL,
  `suivi` tinyint(1) DEFAULT NULL,
  `remove` tinyint(1) DEFAULT NULL,
  `subject` varchar(255) COLLATE utf8_unicode_ci DEFAULT NULL,
  `message` longtext COLLATE utf8_unicode_ci DEFAULT NULL
) ENGINE=InnoDB DEFAULT CHARSET=utf8 COLLATE=utf8_unicode_ci;

--
-- Déchargement des données de la table `contact_job`
--

INSERT INTO `contact_job` (`id`, `fullName`, `date_create`, `email`, `status`, `suivi`, `remove`, `subject`, `message`) VALUES
(1, 'Mouadh Ben Alaya', '2018-04-16 03:03:23', 'benmouadhalaya@gmail.com', 1, 0, 1, 'test', 'test'),
(2, 'Mouadh Ben Alaya', '2018-04-16 03:03:28', 'benmouadhalaya@gmail.com', 1, 0, 1, 'test', 'test'),
(3, 'Mouadh Ben Alaya', '2018-04-16 03:04:04', 'benmouadhalaya@gmail.com', 1, 0, 1, 'Qu\'est-ce que le Lorem Ipsum?', 'Qu\'est-ce que le Lorem Ipsum?'),
(4, 'test', '2018-12-16 12:54:00', 'benmouadhalaya@gmail.com', 1, 0, 1, 'test', 'test'),
(5, 'test', '2018-12-16 12:56:38', 'benmouadhalaya@gmail.com', 1, 0, 1, 'test', 'test'),
(6, 'test', '2018-12-16 12:58:28', 'benmouadhalaya@gmail.com', 1, 0, 1, 'test', 'test'),
(7, 'MouadhzzzTesy Alaya', '2018-12-16 13:00:01', 'benmdddouzzzadhalaya@gmail.com', 1, 0, 1, 'test', 'sss'),
(8, 'MouadhzzzTesy Alaya', '2018-12-16 13:00:21', 'benmdddouzzzadhalaya@gmail.com', 1, 0, 0, 'test', 'sss'),
(9, 'MouadhzzzTesy Alaya', '2018-12-16 13:01:25', 'benmdddouzzzadhalaya@gmail.com', 0, 0, 0, 'test', 'sss'),
(10, 'MouadhzzzTesy Alaya', '2018-12-16 13:01:41', 'benmdddouzzzadhalaya@gmail.com', 0, 0, 0, 'test', 'sss'),
(11, 'MouadhzzzTesy Alaya', '2018-12-16 13:02:00', 'benmdddouzzzadhalaya@gmail.com', 0, 0, 0, 'test', 'sss'),
(12, 'MouadhzzzTesy Alaya', '2018-12-16 13:06:20', 'benmdddouzzzadhalaya@gmail.com', 0, 0, 0, 'test', 'sss'),
(13, 'MouadhzzzTesy Alaya', '2018-12-16 13:07:41', 'benmdddouzzzadhalaya@gmail.com', 0, 0, 0, 'test', 'sss'),
(14, 'MouadhzzzTesy Alaya', '2018-12-16 13:08:14', 'benmdddouzzzadhalaya@gmail.com', 0, 0, 0, 'test', 'sss'),
(15, 'MouadhzzzTesy Alaya', '2018-12-16 13:10:42', 'benmdddouzzzadhalaya@gmail.com', 0, 0, 0, 'test', 'sss'),
(16, 'MouadhzzzTesy Alaya', '2018-12-16 13:11:23', 'benmdddouzzzadhalaya@gmail.com', 0, 0, 0, 'test', 'sss'),
(17, 'MouadhzzzTesy Alaya', '2018-12-16 13:14:34', 'benmdddouzzzadhalaya@gmail.com', 0, 0, 0, 'test', 'sss'),
(18, 'MouadhzzzTesy Alaya', '2018-12-16 13:18:50', 'benmdddouzzzadhalaya@gmail.com', 0, 0, 0, 'test', 'sss'),
(19, 'MouadhzzzTesy Alaya', '2018-12-16 13:20:56', 'benmdddouzzzadhalaya@gmail.com', 0, 0, 0, 'test', 'sss'),
(20, 'Samir Mehrez', '2018-12-16 16:10:30', 'mehrezsamir@gmail.com', 0, 0, 0, 'TEst', 'test'),
(21, 'Samir Mehrez', '2018-12-16 16:18:36', 'mehrezsamir@gmail.com', 0, 0, 0, 'TEst', 'test'),
(22, 'Samir Mehrez', '2018-12-16 16:19:44', 'mehrezsamir@gmail.com', 0, 0, 0, 'TEst', 'test'),
(23, 'Samir Mehrez', '2018-12-16 16:20:42', 'mehrezsamir@gmail.com', 0, 0, 0, 'TEst', 'test'),
(24, 'Samir Mehrez', '2018-12-16 16:25:24', 'mehrezsamir@gmail.com', 0, 0, 0, 'TEst', 'test'),
(25, 'Samir Mehrez', '2018-12-16 16:26:56', 'mehrezsamir@gmail.com', 0, 0, 0, 'TEst', 'test'),
(26, 'Samir Mehrez', '2018-12-16 16:28:32', 'mehrezsamir@gmail.com', 0, 0, 0, 'TEst', 'test'),
(27, 'Samir Mehrez', '2018-12-16 16:31:58', 'mehrezsamir@gmail.com', 0, 0, 0, 'TEST', 'TEST'),
(28, 'technetMeida', '2018-12-16 16:36:35', 'benmouadhalaya@gmail.com', 0, 0, 0, 'test', 'test'),
(29, 'Mouadhzzz Alayazzz', '2018-12-16 16:55:43', 'benmouadhalssssaya@gmail.com', 0, 0, 0, 'tet', 'test'),
(30, 'Mouadhzzz Alayazzz', '2018-12-16 16:57:05', 'benmouadhalssssaya@gmail.com', 0, 0, 0, 'tet', 'test'),
(31, 'ben alaya mouadh5', '2018-12-16 16:58:05', 'benmoeeuadhalaya@gmail.com', 0, 0, 0, 'Qu\'est-ce que le Lorem Ipsum?', 'dazdazda'),
(32, 'technetMeida', '2018-12-16 16:58:53', 'benmouadhalaya@gmail.com', 0, 0, 0, 'fzzfz', 'zfzfzfzf'),
(33, 'zzz zzz', '2018-12-16 17:00:54', 'bezzznmouadhalaya@gmail.com', 0, 0, 0, 'azd', 'azd'),
(34, 'Ahmed EL MOUTAOUAKKIL', '2020-05-28 11:46:21', 'lamya.sifi@digitalcook.fr', 0, 0, 0, 'postuler', 'bonjour'),
(35, 'Philippe Adrien', '2020-05-28 12:22:07', 'abir.hosni.fr@gmail.com', 0, 0, 0, 'Offre D\'emploi', 'Bonjour,\r\nCordialement'),
(36, 'Philippe Adrien', '2020-05-28 12:26:27', 'abir.hosni.fr@gmail.com', 0, 0, 0, 'Offre D\'emploi', 'Bonjour'),
(37, 'hamida bounenni', '2020-05-28 12:47:00', 'hamida.bounenni.fr@gmail.com', 0, 0, 0, 'ps', 'hello'),
(38, 'Ahmed EL MOUTAOUAKKIL', '2020-06-04 13:20:57', 'lamya.sifi@digitalcook.fr', 1, 0, 0, 'test', 'test'),
(39, 'mouadh ben alaya', '2020-06-08 11:03:35', 'benmouadhalaya@gmail.com', 0, 0, 0, 'er', 'rere'),
(40, 'mouadh ben alaya', '2020-06-08 11:05:03', 'benmouadhalaya@gmail.com', 0, 0, 0, 'test', 'test'),
(41, 'mouadh ben alaya', '2020-06-08 11:06:25', 'benmouadhalaya@gmail.com', 0, 0, 0, 'ed', 'de'),
(42, 'mouadh ben alaya', '2020-06-08 11:08:24', 'benmouadhalaya@gmail.com', 0, 0, 0, 'ed', 'de'),
(43, 'mouadh ben alaya', '2020-06-08 11:09:12', 'benmouadhalaya@gmail.com', 0, 0, 0, 'zzz', 'zzzzz'),
(44, 'mouadh ben alaya', '2020-06-08 11:10:46', 'benmouadhalaya@gmail.com', 0, 0, 0, 'zzz', 'zzzzz');

-- --------------------------------------------------------

--
-- Structure de la table `conversation`
--

CREATE TABLE `conversation` (
  `id` int(11) NOT NULL,
  `create_date` datetime DEFAULT NULL,
  `userOne` int(11) DEFAULT NULL,
  `userTwo` int(11) DEFAULT NULL,
  `lastMessage` int(11) DEFAULT NULL
) ENGINE=InnoDB DEFAULT CHARSET=utf8 COLLATE=utf8_unicode_ci;

--
-- Déchargement des données de la table `conversation`
--

INSERT INTO `conversation` (`id`, `create_date`, `userOne`, `userTwo`, `lastMessage`) VALUES
(51, '2020-06-11 13:55:13', 35, 41, 89),
(52, '2020-06-11 17:21:35', 35, 42, 83);

-- --------------------------------------------------------

--
-- Structure de la table `departments`
--

CREATE TABLE `departments` (
  `id` int(11) NOT NULL,
  `name` varchar(255) COLLATE utf8mb4_unicode_ci DEFAULT NULL
) ENGINE=InnoDB DEFAULT CHARSET=utf8mb4 COLLATE=utf8mb4_unicode_ci;

--
-- Déchargement des données de la table `departments`
--

INSERT INTO `departments` (`id`, `name`) VALUES
(1, 'Ain'),
(2, 'Aisne'),
(3, 'Allier'),
(4, 'Alpes-de-Haute-Provence'),
(5, 'Hautes-Alpes'),
(6, 'Alpes-Maritimes'),
(7, 'Ardèche'),
(8, 'Ardennes'),
(9, 'Ariège'),
(10, 'Aube'),
(11, 'Aude'),
(12, 'Aveyron'),
(13, 'Bouches-du-Rhône'),
(14, 'Calvados'),
(15, 'Cantal'),
(16, 'Charente'),
(17, 'Charente-Maritime'),
(18, 'Cher'),
(19, 'Corrèze'),
(20, 'Côte-d\'Or'),
(21, 'Côtes-d\'Armor'),
(22, 'Creuse'),
(23, 'Dordogne'),
(24, 'Doubs'),
(25, 'Drôme'),
(26, 'Eure'),
(27, 'Eure-et-Loir'),
(28, 'Finistère'),
(29, 'Corse-du-Sud'),
(30, 'Haute-Corse'),
(31, 'Gard'),
(32, 'Haute-Garonne'),
(33, 'Gers'),
(34, 'Gironde'),
(35, 'Hérault'),
(36, 'Ille-et-Vilaine'),
(37, 'Indre'),
(38, 'Indre-et-Loire'),
(39, 'Isère'),
(40, 'Jura'),
(41, 'Landes'),
(42, 'Loir-et-Cher'),
(43, 'Loire'),
(44, 'Haute-Loire'),
(45, 'Loire-Atlantique'),
(46, 'Loiret'),
(47, 'Lot'),
(48, 'Lot-et-Garonne'),
(49, 'Lozère'),
(50, 'Maine-et-Loire'),
(51, 'Manche'),
(52, 'Marne'),
(53, 'Haute-Marne'),
(54, 'Mayenne'),
(55, 'Meurthe-et-Moselle'),
(56, 'Meuse'),
(57, 'Morbihan'),
(58, 'Moselle'),
(59, 'Nièvre'),
(60, 'Nord'),
(61, 'Oise'),
(62, 'Orne'),
(63, 'Pas-de-Calais'),
(64, 'Puy-de-Dôme'),
(65, 'Pyrénées-Atlantiques'),
(66, 'Hautes-Pyrénées'),
(67, 'Pyrénées-Orientales'),
(68, 'Bas-Rhin'),
(69, 'Haut-Rhin'),
(70, 'Rhône'),
(71, 'Haute-Saône'),
(72, 'Saône-et-Loire'),
(73, 'Sarthe'),
(74, 'Savoie'),
(75, 'Haute-Savoie'),
(76, 'Paris'),
(77, 'Seine-Maritime'),
(78, 'Seine-et-Marne'),
(79, 'Yvelines'),
(80, 'Deux-Sèvres'),
(81, 'Somme'),
(82, 'Tarn'),
(83, 'Tarn-et-Garonne'),
(84, 'Var'),
(85, 'Vaucluse'),
(86, 'Vendée'),
(87, 'Vienne'),
(88, 'Haute-Vienne'),
(89, 'Vosges'),
(90, 'Yonne'),
(91, 'Territoire de Belfort'),
(92, 'Essonne'),
(93, 'Hauts-de-Seine'),
(94, 'Seine-Saint-Denis'),
(95, 'Val-de-Marne'),
(96, 'Val-d\'Oise'),
(97, 'Guadeloupe'),
(98, 'Martinique'),
(99, 'Guyane'),
(100, 'La Réunion'),
(101, 'Mayotte'),
(102, 'Saint-Pierre-et-Miquelon'),
(103, 'Saint-Barthélemy'),
(104, 'Saint-Martin'),
(105, 'Terres australes et antarctiques françaises'),
(106, 'Wallis et Futuna'),
(107, 'Polynésie française'),
(108, 'Nouvelle-Calédonie'),
(109, 'Île de Clipperton');

-- --------------------------------------------------------

--
-- Structure de la table `diploma`
--

CREATE TABLE `diploma` (
  `id` int(11) NOT NULL,
  `user_id` int(11) DEFAULT NULL,
  `title` varchar(255) COLLATE utf8_unicode_ci NOT NULL,
  `date_create` datetime NOT NULL
) ENGINE=InnoDB DEFAULT CHARSET=utf8 COLLATE=utf8_unicode_ci;

--
-- Déchargement des données de la table `diploma`
--

INSERT INTO `diploma` (`id`, `user_id`, `title`, `date_create`) VALUES
(3, NULL, 'Diplôme national d\'ingénieur (Bac + 5)', '2018-04-10 18:49:27'),
(4, NULL, 'Diplôme national de techincien supérieur (Bac + 3)', '2018-04-10 18:49:52'),
(5, NULL, 'Diplôme national de master (Bac + 5)', '2018-04-10 18:50:02'),
(6, NULL, 'Diplôme national de maîtrisat (Bac + 4)', '2018-04-10 18:50:22'),
(7, NULL, 'Baccalauréat', '2018-04-10 18:50:29'),
(8, NULL, 'PhD (Bac + 8)', '2018-04-10 18:50:52'),
(9, NULL, 'Formation professionnelle (Bac + 2)', '2018-04-10 18:51:56');

-- --------------------------------------------------------

--
-- Structure de la table `experience`
--

CREATE TABLE `experience` (
  `id` int(11) NOT NULL,
  `user_id` int(11) DEFAULT NULL,
  `poste` varchar(255) COLLATE utf8_unicode_ci DEFAULT NULL,
  `entreprise` varchar(255) COLLATE utf8_unicode_ci DEFAULT NULL,
  `lieu` varchar(255) COLLATE utf8_unicode_ci DEFAULT NULL,
  `startDate` varchar(255) COLLATE utf8_unicode_ci DEFAULT NULL,
  `endDate` varchar(255) COLLATE utf8_unicode_ci DEFAULT NULL,
  `titreProfil` varchar(255) COLLATE utf8_unicode_ci DEFAULT NULL,
  `dateCourant` tinyint(1) DEFAULT NULL,
  `description` longtext COLLATE utf8_unicode_ci DEFAULT NULL
) ENGINE=InnoDB DEFAULT CHARSET=utf8 COLLATE=utf8_unicode_ci;

--
-- Déchargement des données de la table `experience`
--

INSERT INTO `experience` (`id`, `user_id`, `poste`, `entreprise`, `lieu`, `startDate`, `endDate`, `titreProfil`, `dateCourant`, `description`) VALUES
(2, 24, 'Directeur', 'Alpha Systems', 'Paris, France', NULL, NULL, '', 1, ''),
(3, 25, 'Assistante de direction', 'Marketing Plus', 'London, UK', '2015-03-08 00:00:00', '2017-09-12 00:00:00', 'Assistante de direction', 1, 'Assister le directeur'),
(4, 26, 'Representant des ventes', 'PCB China', 'Lille, France', '2017-02-08 00:00:00', NULL, 'Vendeuse', 1, 'Vente des article, Marketing'),
(5, 31, 'Chef d\'équipe', 'ProText', 'Marseille, France', '2000-11-05 00:00:00', NULL, 'Chef d\'équipe ', 1, 'Chef d\'équipe dans une entreprise textile'),
(6, 28, 'Directeur', 'MobiSoft', '', '2015-03-08 00:00:00', '2017-09-12 00:00:00', 'Directeur', 1, 'Direction de la société.'),
(9, 33, 'développeur web symfony 2 ', 'tuninfoforyou', '', '2015-01-03 00:00:00', '2015-01-11 00:00:00', 'développeur ', 1, 'AFRITOURS (http://www.afritours.com.tn) le développement d\'une application pour le client \"Afritours\" qui est une agence de voyage de catégorie A. Ma mission principale durant ce projet c\'est le la conception et le développement des modules suivants : \r\n\r\n- Hôtellerie : Ce module permet de gérer les réservations pour les différents agences relatives \r\nà Afritours. Il offre aussi la fonctionnalités de réservation pour les clients d\'Afritours. \r\n\r\n- Evénements & Soirées : Ce module permet d\'enregistrer une évenement sur la plateforme . \r\nDe plus il permet au visiteurs de site de consulter la liste des évenements et soirée \r\nprogrammés dans un mois.\r\n\r\n- Omra : Ce module permet aux clients de Afritours de réserver à une voyage organisé pour \r\n\"Omra\".\r\n\r\n- Location voitures : Dans ce module les agences de location des voitures conventionnées \r\navec Afritours peuvent gérer les locations de voitures à travers un calendrier interactif. \r\nSinon pour les clients d\'afritours ils peuvent demander et louer une voiture.\r\n\r\n-Application Rentcar qui contient plusieurs modules principaux :\r\nGestion des contrat avec l’impression des contrat sous forme PDF,\r\nGestion de réservation,\r\nGestion des rapports de historique de chaque voiture\r\nGestion des cassais de manière automatique ,\r\nGestion leasing voiture,\r\nSystème de notification et systèmes des e mails ,\r\nGestion de facteur , de devis ....\r\n\r\n'),
(19, 33, 'chef de projet , développeur web symfony 2/3', 'abweb', 'Tunis, Tunisie', '2015-01-03 00:00:00', '2015-01-11 00:00:00', 'Développement d\'un plateforme social du sport', 1, '- Développement d\'un plateforme social du sport\r\n- Module de payement (PayPal)\r\n- Module de notification \r\n- Module de messagerie\r\n\r\n-http://www.graphitys-web-design.com/\r\n-http://www.laschekina.com/vipcrossing/web/\r\n-http://alababik.com/\r\n-http://thepremiumpartners.com/\r\n-http://taby.tn/\r\n-http://optimus.events/ :\r\n\r\n- Développement d\'un plateforme social du sport\r\n- Module de payement (PayPal)\r\n- Module de notification \r\n- Module de messagerie'),
(20, 33, 'développeur web symfony 2/3', 'Technetmedia', 'Tunis, Bardo, Tunisie', '01/11/2015', NULL, '', 1, '- Développement d\'un plateforme médical \r\n- Module de payement (PayPal)\r\n- Module de notification \r\n- Module de messagerie'),
(21, 40, 'technicien informatique', 'servier', '', '09/07/2019', '02/02/2020', 'SUPPORT INFORMTIQUE', 1, 'FPODDZPV?DM?EPFJPKD'),
(22, 42, 'Administrateur système et réseaux', 'DC', 'Tunis, Tunisie', NULL, NULL, '', 1, ''),
(25, 47, 'Technicien maintenance informatique', 'SCC', '', '01/09/2016', NULL, '', 1, 'Déploiement d’équipements informatiques dans les lycées, réparations des équipements informatiques des lycées, installation et mise à jour des logiciels, intégration des équipements informatiques aux domaines, inventaire des matériels informatiques, brassage de baies informatiques, rédaction de documentation technique.'),
(26, 46, 'Technicien', 'AME industries', '', '01/01/1996', '01/01/1997', 'technicien ', 1, 'Négoce de matériel industriel dans le domaine du graissage\nMaintenance des systèmes en atelier et clientèle – Assistance technique\nExpéditions des pièces détachées – Réalisations de dispositifs sur plans'),
(27, 51, 'Technicien de proximité', 'Hewlett-Packard (Client Société Générale)', '', '01/10/2012', '03/09/2014', 'Technicien de proximité', 1, ''),
(28, 48, 'Technicien Informatique', 'Maxico SARL, ', '', '11/02/2016', '11/07/2018', '', 1, ''),
(29, 46, '', '', '', NULL, NULL, '', 1, ''),
(30, 52, 'Ingénieur Exploitation réseaux', 'Orange Business Services ', '', '09/03/2017', '01/03/2019', 'Ingénieur Systèmes - Réseaux', 1, '•	Prendre en compte et traiter les demandes clients, changements et/ou incidents en fonction des engagements contractuels\n•	Assurer la prévention des dysfonctionnements nuisant à la qualité et à la continuité de service en utilisant les outils de supervision\n•	Identifier les problèmes, analyser leur cause, proposer et mettre en œuvre un plan d’actions correctif\n•	Conduire une veille technologique et partager ses recherches et connaissances\n•	Maintenir la documentation des clients et rédiger les procédures d’exploitation\n•	Rendre compte au client de l’avancement des opérations\n\n'),
(31, 49, '', '', '', NULL, NULL, '', 1, ''),
(32, 49, 'Technicien de proximité', 'Hewlett-Packard (Client Société Générale)', '', '01/10/2012', '03/09/2014', '', 1, ''),
(33, 53, 'TECHNICIEN DE MAINTENANCE EN INFORMATIQUE – IUT SCEAUX ', 'IUT SCEAUX ', '', '01/05/2015', '01/01/2019', ' TECHNICIEN SYSTEME & RESEAUX ', 1, ''),
(34, 50, 'Spécialiste support technique', 'ATOS INTEGRATION', '', '01/12/2001', '01/03/2014', 'Spécialiste support technique', 1, ''),
(36, 48, '', '', 'Tunisie', NULL, NULL, '', 1, ''),
(38, 44, 'test', 'test', '', '12/12/2019', NULL, 'tet', 1, 'test'),
(39, 35, 'Dévellopeur Symfony', 'Tuninfoforyou', ' 31 Avenue de la Liberté 1002 Tunis, Tunisie', '01/10/2014', '01/03/2015', 'Ingénieur informatique', 1, 'Participation à la conception et au développement d\'ensemble de modules   d\'une application web AfriTour (http://www.afritour.com.tn/).\n\n    -Modules B2B et B2C : \n                                            Module de réservation d\'hôtels,\n                                            Module de réservation de voitures,\n                                            Module d\'organisation d\'événements.\n\nMots clés : Symfony2, PHP5, Twig, Bootsrap, jQuery, Ajax, Git, MYSQL.\n \n Participation au développement d\'une application RenCar.\n                                          -Module de gestion des contrats client,\n                                         -Module de gestion des notifications et système de mailing.\n\nMots clés : Symfony2, PHP5, Twig, Bootsrap, jQuery, Ajax, Git, MYSQL.\n'),
(40, 35, 'Dévellopeur FullStak.', 'TechnetMedia', 'Bardo', '01/11/2015', NULL, 'Ingénieur informatique', 1, ' Participation à la conception et au développement plateforme des EMS suisse \n       Mots clés : Laravel6, PHP7, Jira, Web Service REST , Elasticsearch 7 , Git, MYSQL , Psotman.\n\nParticipation à la conception et au développement plateforme des EMS suisse \n          Référence : https://agems.ch/\n          Mots clés : Symfony3, PHP, Twig, Web Service, Fosrestbundle, Bootstrap, jQuery, Ajax,Git, MYSQL ,Psotman.\n\nParticipation à la conception et au développement d\'un CMS de création de site web pour les cliniques.\n        Référence : https://cmcressy.ch/\n        Mots clés : Symfony3, PHP, Twig, Web Service, Bootstrap, jQuery, Ajax, Git, Bower, Gulp, MYSQL.\n\nParticipation au développement d\'une application web \'Agenda Santé\'.\nMots clés : Angular-cli, Npm, Jira, Git,Bootstrap, VisualStudio.\n\nParticipation à une formation Angular6 (2 mois).\n \n\nDéveloppement d\'un ensemble de site Web (FrontEnd et BackEnd ).\n       Références :\n           o http://sitexsa.ch/\n           o https://la-meridienne.ch/\n           o http://www.sportmultitherapies.ch/\n           o https://agic-geneve.ch\n           o http://assc.ch/ \n \n        Mots clés : Symfony2, PHP5, Twig, Bootsrap, jQuery, Ajax, Git, Jira, Gulb,Bower, MYSQL');

-- --------------------------------------------------------

--
-- Structure de la table `favoris_jobs`
--

CREATE TABLE `favoris_jobs` (
  `id` int(11) NOT NULL,
  `candidat_id` int(11) DEFAULT NULL,
  `job_id` int(11) DEFAULT NULL,
  `dateCreate` datetime NOT NULL
) ENGINE=InnoDB DEFAULT CHARSET=utf8 COLLATE=utf8_unicode_ci;

--
-- Déchargement des données de la table `favoris_jobs`
--

INSERT INTO `favoris_jobs` (`id`, `candidat_id`, `job_id`, `dateCreate`) VALUES
(2, 33, 14, '2018-04-15 02:36:50'),
(5, 33, 13, '2018-05-09 23:07:19');

-- --------------------------------------------------------

--
-- Structure de la table `field_activity`
--

CREATE TABLE `field_activity` (
  `id` int(11) NOT NULL,
  `user_id` int(11) DEFAULT NULL,
  `title` varchar(255) COLLATE utf8_unicode_ci NOT NULL,
  `date_create` datetime NOT NULL
) ENGINE=InnoDB DEFAULT CHARSET=utf8 COLLATE=utf8_unicode_ci;

--
-- Déchargement des données de la table `field_activity`
--

INSERT INTO `field_activity` (`id`, `user_id`, `title`, `date_create`) VALUES
(2, NULL, 'Developpement Web', '2018-04-10 17:47:21'),
(3, NULL, 'Industrie Textile', '2018-04-10 17:47:33'),
(4, NULL, 'Construction et Batiments', '2018-04-10 17:47:43'),
(5, NULL, 'Commerce', '2018-04-10 17:47:58'),
(6, NULL, 'Comptabilité et finance', '2018-04-10 17:48:05'),
(7, NULL, 'Industrie automobile', '2018-04-10 17:48:15'),
(8, NULL, 'Industrie agroalimentaire', '2018-04-10 17:48:23'),
(9, NULL, 'Industrie lourde', '2018-04-10 17:50:03'),
(10, NULL, 'Marketing', '2018-04-10 17:50:26'),
(11, NULL, 'Management et organisation', '2018-04-10 17:50:50'),
(12, NULL, 'Developement mobile', '2018-04-10 18:44:56'),
(13, NULL, 'Developpement logiciel', '2018-04-10 18:45:10'),
(14, NULL, 'Réseaux et Télécommunication', '2018-04-10 19:20:16'),
(15, NULL, 'Industrie aéronotique', '2018-04-10 19:38:58'),
(16, NULL, 'Gestion de projet informatique. ', '2020-06-03 17:01:18'),
(20, NULL, 'Base de Données', '2020-06-04 11:09:27'),
(21, NULL, 'Sécurité Informatique', '2020-06-04 11:10:47'),
(22, NULL, 'Informatique de gestion', '2020-06-04 11:11:18'),
(23, NULL, 'Informatique embarquée', '2020-06-04 11:13:17'),
(24, NULL, 'l\'intelligence artificielle', '2020-06-04 11:13:49'),
(25, NULL, 'Ingénierie des connaissances', '2020-06-04 11:14:14'),
(26, NULL, 'Bio-informatique', '2020-06-04 11:15:20'),
(27, NULL, 'Informatique médicale ', '2020-06-04 11:15:37'),
(28, NULL, 'Robotique', '2020-06-04 11:23:28'),
(29, NULL, 'Nanotechnologie', '2020-06-04 11:23:48'),
(31, NULL, 'Éditeur de logiciels', '2020-06-04 11:30:06'),
(32, NULL, 'Opérateur - Infogérance - Hébergeur - FAI', '2020-06-04 11:30:41'),
(33, NULL, 'Banque/Assurance', '2020-06-04 11:39:18'),
(34, NULL, 'Chimie / Para-chimie ', '2020-06-04 12:46:59'),
(35, NULL, 'Édition / Communication / Multimédia', '2020-06-04 12:47:29'),
(37, NULL, 'Transports / Logistique', '2020-06-04 12:48:59'),
(40, NULL, 'Infonuagique', '2020-06-04 12:59:54'),
(41, NULL, 'Hôtellerie - Restauration', '2020-06-04 13:03:21'),
(44, NULL, 'Administrations - Institutions', '2020-06-04 13:11:59'),
(45, NULL, 'Production et gestion de contenus numériques', '2020-06-04 13:21:00'),
(46, NULL, 'Électronique / Électricité', '2020-06-04 13:21:48'),
(47, NULL, 'Culture/ Audiovisuel ', '2020-06-04 15:04:14'),
(48, NULL, 'Infrastructure Systèmes et Réseaux	', '2020-06-04 15:05:55'),
(50, NULL, 'Génie Électrique  / Informatique Industrielle', '2020-06-04 15:07:22'),
(51, NULL, 'La Gestion des Administrations Publiques', '2020-06-04 15:09:05'),
(52, NULL, 'Administration / Secrétariat ', '2020-06-04 15:10:01'),
(53, NULL, 'Commerce / Négoce / Distribution', '2020-06-08 11:14:56'),
(54, NULL, 'Services aux entreprises', '2020-06-08 11:15:14'),
(56, NULL, 'Textile / Habillement', '2020-06-08 11:15:40');

-- --------------------------------------------------------

--
-- Structure de la table `formation`
--

CREATE TABLE `formation` (
  `id` int(11) NOT NULL,
  `diploma_id` int(11) DEFAULT NULL,
  `field_activity_id` int(11) DEFAULT NULL,
  `user_id` int(11) DEFAULT NULL,
  `ecole` varchar(255) COLLATE utf8_unicode_ci DEFAULT NULL,
  `year` varchar(255) COLLATE utf8_unicode_ci DEFAULT NULL,
  `description` longtext COLLATE utf8_unicode_ci DEFAULT NULL
) ENGINE=InnoDB DEFAULT CHARSET=utf8 COLLATE=utf8_unicode_ci;

--
-- Déchargement des données de la table `formation`
--

INSERT INTO `formation` (`id`, `diploma_id`, `field_activity_id`, `user_id`, `ecole`, `year`, `description`) VALUES
(1, 3, 14, 24, 'Ecole Nationale de Réseux et Télécommunication', '2006', 'Mention: Très Bien.'),
(2, 4, NULL, 25, 'Ecole supérieure de finance', '2011', 'Mention: Bien'),
(3, 9, 10, 26, 'Ecole supérieure de marketing', '2009', 'Marketing des ventes'),
(4, 7, 3, 31, 'Lycée secondaire Montesquieu', '1999', 'Baccalauréat professionnelle: Domaine textile\r\nMention: Passable'),
(5, 5, 12, 28, 'Ecole nationale de management et administration', '2008', 'Mention: très bien.'),
(6, 7, 15, 33, 'lycée mourouj 4 ', '2007-2008', 'Le Lorem Ipsum est simplement du faux texte employé dans la composition et la mise en page avant impression'),
(7, 4, 13, 33, 'Institut supérieur d\'informatique', '2008-2011', 'Le Lorem Ipsum est simplement du faux texte employé dans la composition et la mise en page avant impression'),
(8, 3, 13, 33, 'Institut supérieur d\'informatique', '2011-2014', 'Le Lorem Ipsum est simplement du faux texte employé dans la composition et la mise en page avant impression'),
(9, 4, 5, 39, 'Mouadh Ben Alaya', '2003-2004', 'Le Lorem Ipsum est simplement du faux texte employé dans la composition et la mise en page avant impression. Le Lorem Ipsum est le faux texte standard de l\'imprimerie depuis les années 1500, quand un imprimeur anonyme assembla ensemble des morceaux de texte pour réaliser un livre spécimen de polices de texte. Il n\'a pas fait que survivre cinq siècles, mais s\'est aussi adapté à la bureautique informatique, sans que son contenu n\'en soit modifié. Il a été popularisé dans les années 1960 grâce à la vente de feuilles Letraset contenant des passages du Lorem Ipsum, et, plus récemment, par son inclusion dans des applications de mise en page de texte, comme Aldus PageMaker.'),
(10, 9, 2, 40, 'ise rades', '2002-2003', 'f$dvc$dlf$em'),
(11, 4, 12, 42, 'ISET', '2009-2012', 'test'),
(18, 9, 14, 46, 'Greta de Rueil - Malmaison - Congé Individuel de formation.', 'undefined', '2005 BTS Informatique de Gestion Option Réseaux\n'),
(19, 9, 14, 52, '	 CESI – Lyon ', 'undefined', ''),
(22, 9, 14, 51, 'CESI', 'undefined', ''),
(23, 4, 14, 48, ' Institut Supérieur des Etudes Technologiquesde Bizerte,', 'undefined', ''),
(25, 3, 14, 52, 'M1 – Administrateur Systèmes d’information – IPSSI - Paris', 'undefined', ''),
(26, 3, 14, 52, 'M2 – Expert en Informatique et Systèmes d’information - IPSSI – Paris', 'undefined', ''),
(27, 5, NULL, 49, 'L’Ecole Supérieure De Commerce Manouba, Tunisie', 'undefined', ''),
(29, 9, 14, 53, 'Préparation du Titre Pro de Niv III équivalent Bac +2 « Technicien Système Réseaux et Sécurité » - Ecole Aston', 'undefined', ''),
(30, 9, 14, 47, 'LYCÉE JULES FERRY, CONFLANS-SAINTE-HONORINE ', 'undefined', ''),
(31, 4, 26, 44, 'iset rades', '2014 - 2009', 'technicien informatique'),
(32, 4, 2, 35, 'Institut Supérieur d\'Informatique (ISI) - Tunis', '2008 - 2011', 'Spécialité : Génie logiciel Système Informatique (GLSI)'),
(33, 3, 2, 35, 'Institut Supérieur d\'Informatique (ISI) - Tunis ', '2011 - 2014', 'Spécialité : Génie logiciel Système Informatique (GLSI)\n');

-- --------------------------------------------------------

--
-- Structure de la table `gallerys_job`
--

CREATE TABLE `gallerys_job` (
  `id` int(11) NOT NULL,
  `user_id` int(11) DEFAULT NULL,
  `picture` varchar(255) COLLATE utf8_unicode_ci DEFAULT NULL,
  `position_picture` varchar(255) COLLATE utf8_unicode_ci NOT NULL,
  `state` tinyint(1) NOT NULL,
  `date_create` datetime NOT NULL
) ENGINE=InnoDB DEFAULT CHARSET=utf8 COLLATE=utf8_unicode_ci;

-- --------------------------------------------------------

--
-- Structure de la table `information_job`
--

CREATE TABLE `information_job` (
  `id` int(11) NOT NULL,
  `adress` varchar(255) COLLATE utf8_unicode_ci DEFAULT NULL,
  `phone` varchar(255) COLLATE utf8_unicode_ci DEFAULT NULL,
  `email` varchar(255) COLLATE utf8_unicode_ci DEFAULT NULL,
  `facebook` varchar(255) COLLATE utf8_unicode_ci DEFAULT NULL,
  `linkedin` varchar(255) COLLATE utf8_unicode_ci DEFAULT NULL,
  `twitter` varchar(255) COLLATE utf8_unicode_ci DEFAULT NULL,
  `fax` varchar(255) COLLATE utf8_unicode_ci DEFAULT NULL,
  `ping_default` int(11) DEFAULT NULL,
  `ping_default_candidat` int(11) DEFAULT NULL,
  `ping_default_entreprise` int(11) DEFAULT NULL
) ENGINE=InnoDB DEFAULT CHARSET=utf8 COLLATE=utf8_unicode_ci;

--
-- Déchargement des données de la table `information_job`
--

INSERT INTO `information_job` (`id`, `adress`, `phone`, `email`, `facebook`, `linkedin`, `twitter`, `fax`, `ping_default`, `ping_default_candidat`, `ping_default_entreprise`) VALUES
(1, '11 Rue Alphonse Daudet  75014 - Paris', '+33 9 70 44 60 30', 'ouiping1@gmail.com', 'https://www.facebook.com/groups/447837565425043/', 'https://www.linkedin.com', 'https://www.twitter.com', NULL, 100, NULL, NULL);

-- --------------------------------------------------------

--
-- Structure de la table `job`
--

CREATE TABLE `job` (
  `id` int(11) NOT NULL,
  `user_id` int(11) DEFAULT NULL,
  `diploma_id` int(11) DEFAULT NULL,
  `title` varchar(255) COLLATE utf8_unicode_ci DEFAULT NULL,
  `description` longtext COLLATE utf8_unicode_ci DEFAULT NULL,
  `status` tinyint(1) DEFAULT NULL,
  `dateCreate` datetime NOT NULL,
  `salaire_min` int(11) DEFAULT NULL,
  `salaire_max` int(11) DEFAULT NULL,
  `type_contrat` varchar(255) COLLATE utf8_unicode_ci DEFAULT NULL,
  `annee_experience` int(11) DEFAULT NULL,
  `fieldActivity_id` int(11) DEFAULT NULL,
  `departement_id` int(11) DEFAULT NULL
) ENGINE=InnoDB DEFAULT CHARSET=utf8 COLLATE=utf8_unicode_ci;

--
-- Déchargement des données de la table `job`
--

INSERT INTO `job` (`id`, `user_id`, `diploma_id`, `title`, `description`, `status`, `dateCreate`, `salaire_min`, `salaire_max`, `type_contrat`, `annee_experience`, `fieldActivity_id`, `departement_id`) VALUES
(13, 18, 4, 'Technicien Aéronotique', '<p>Nous demandons un technicien en a&eacute;ronotique qui aura comme mission:<br />\n- Assurer la fiabilit&eacute; du processus maintenance<br />\n- Aider &agrave; mettre &agrave; jour la documentation du Syst&egrave;me qualit&eacute;<br />\n- Assiter les', 1, '2018-04-10 19:42:29', 2500, 4000, 'CDI – Contrat à durée indéterminée', 1, 15, NULL),
(14, 29, 5, 'Directeur', '<p>Directeur pour poste office.</p>', 1, '2018-04-11 22:25:55', 3000, 5000, 'CDI – Contrat à durée indéterminée', 2, 5, NULL),
(15, 41, 4, 'technicien support', '<p>FJDVPODSKVDZ&uml;FDZ</p>\r\n\r\n<p>VKD&uml;PKVODZ&uml;VKDS&uml;V?FDZ</p>\r\n\r\n<p>GZF&uml;DOKVFDVOK&Ouml;DZFE</p>', 1, '2020-02-10 19:34:06', 1970, 4990, 'CDI – Contrat à durée indéterminée', 6, 11, NULL);

-- --------------------------------------------------------

--
-- Structure de la table `job_langages`
--

CREATE TABLE `job_langages` (
  `job_id` int(11) NOT NULL,
  `langages_id` int(11) NOT NULL
) ENGINE=InnoDB DEFAULT CHARSET=utf8 COLLATE=utf8_unicode_ci;

--
-- Déchargement des données de la table `job_langages`
--

INSERT INTO `job_langages` (`job_id`, `langages_id`) VALUES
(13, 8),
(13, 9);

-- --------------------------------------------------------

--
-- Structure de la table `job_langues`
--

CREATE TABLE `job_langues` (
  `job_id` int(11) NOT NULL,
  `langues_id` int(11) NOT NULL
) ENGINE=InnoDB DEFAULT CHARSET=utf8 COLLATE=utf8_unicode_ci;

--
-- Déchargement des données de la table `job_langues`
--

INSERT INTO `job_langues` (`job_id`, `langues_id`) VALUES
(13, 4),
(14, 1),
(14, 4),
(15, 4);

-- --------------------------------------------------------

--
-- Structure de la table `langages`
--

CREATE TABLE `langages` (
  `id` int(11) NOT NULL,
  `user_id` int(11) DEFAULT NULL,
  `title` varchar(255) COLLATE utf8_unicode_ci NOT NULL,
  `date_create` datetime NOT NULL
) ENGINE=InnoDB DEFAULT CHARSET=utf8 COLLATE=utf8_unicode_ci;

--
-- Déchargement des données de la table `langages`
--

INSERT INTO `langages` (`id`, `user_id`, `title`, `date_create`) VALUES
(1, NULL, 'HTML', '2018-04-09 11:48:46'),
(4, NULL, 'PHP', '2018-04-09 11:49:00'),
(5, NULL, 'C++', '2018-04-09 11:49:05'),
(6, NULL, 'C#', '2018-04-09 11:49:11'),
(8, NULL, 'Ruby', '2018-04-09 11:49:27'),
(9, NULL, 'Node.js', '2018-04-09 11:49:33'),
(10, NULL, 'Angular.js', '2018-04-09 11:49:38'),
(13, NULL, 'Java', '2018-04-10 18:53:22'),
(20, NULL, 'Active Directory', '2020-06-03 16:54:50'),
(23, NULL, 'VPN', '2020-06-03 16:57:01'),
(24, NULL, 'AnyDesk', '2020-06-03 16:57:21'),
(28, NULL, 'Hyper-V', '2020-06-03 16:59:06'),
(29, NULL, 'Glpi', '2020-06-03 16:59:48'),
(30, NULL, 'ServiceNow', '2020-06-03 17:00:53'),
(31, NULL, 'ITIL', '2020-06-03 17:01:34'),
(37, NULL, 'TCP/IP', '2020-06-03 17:05:30'),
(39, NULL, 'SQL', '2020-06-03 17:06:44'),
(40, NULL, 'MySQL', '2020-06-03 17:07:00'),
(41, NULL, 'VLAN', '2020-06-03 17:07:17'),
(46, NULL, 'Nagios', '2020-06-03 17:09:59'),
(47, NULL, 'Centreon', '2020-06-03 17:10:06'),
(48, NULL, 'HTML', '2020-06-03 17:10:27'),
(49, NULL, 'CSS', '2020-06-03 17:10:42'),
(50, NULL, 'bash', '2020-06-03 17:11:03'),
(51, NULL, 'python', '2020-06-03 17:11:27'),
(54, NULL, 'DNS', '2020-06-03 17:13:50'),
(55, NULL, 'Routage', '2020-06-03 17:14:16'),
(63, NULL, 'Microsoft Windows 7, 8, 10', '2020-06-03 17:20:41'),
(64, NULL, 'Windows server (2008-R2, 2012-R2)', '2020-06-03 17:21:33'),
(65, NULL, 'WINS', '2020-06-03 17:22:05'),
(70, NULL, 'IOS', '2020-06-03 17:27:16'),
(78, NULL, 'Open Office', '2020-06-03 17:35:16'),
(82, NULL, 'MS Exchange', '2020-06-03 17:39:15'),
(84, NULL, 'CISCO', '2020-06-03 17:41:20'),
(90, NULL, 'XAMP', '2020-06-04 12:32:22'),
(91, NULL, 'WORDPRESS', '2020-06-04 12:33:05'),
(92, NULL, 'Lunix/ Unix', '2020-06-04 12:42:59'),
(93, NULL, 'Pack office', '2020-06-04 12:45:15'),
(94, NULL, 'cablage réseaux', '2020-06-04 12:51:08'),
(95, NULL, 'TeamViewer', '2020-06-04 12:51:42'),
(96, NULL, 'Voip', '2020-06-04 12:52:05'),
(97, NULL, 'WDS', '2020-06-04 12:52:38'),
(98, NULL, 'Powershell', '2020-06-04 12:53:11'),
(99, NULL, 'VMware Airwatch', '2020-06-04 12:54:41'),
(100, NULL, 'SCCM', '2020-06-04 12:55:04'),
(101, NULL, 'DMZ', '2020-06-04 12:55:29'),
(102, NULL, 'PFsense', '2020-06-04 13:00:49'),
(103, NULL, 'VMware ESX', '2020-06-04 13:01:48'),
(104, NULL, 'VMware workstation', '2020-06-04 13:02:15'),
(105, NULL, 'VMware VCenter', '2020-06-04 13:04:57'),
(106, NULL, 'Sophos XG', '2020-06-04 13:07:27'),
(107, NULL, 'LAN /WAN', '2020-06-04 13:16:45'),
(108, NULL, 'VNC', '2020-06-07 14:46:46'),
(109, NULL, 'Lotus Notes 4.x/ 5.x', '2020-06-07 14:47:54'),
(110, NULL, 'Debian', '2020-06-07 14:48:11'),
(111, NULL, 'DLINK', '2020-06-07 14:48:27'),
(112, NULL, 'Jira', '2020-06-07 14:48:41'),
(113, NULL, 'Landesk', '2020-06-07 14:49:04'),
(114, NULL, 'Oracle', '2020-06-07 14:49:18'),
(115, NULL, 'Proxy', '2020-06-07 14:49:49'),
(116, NULL, 'VMware', '2020-06-07 14:50:03');

-- --------------------------------------------------------

--
-- Structure de la table `langues`
--

CREATE TABLE `langues` (
  `id` int(11) NOT NULL,
  `user_id` int(11) DEFAULT NULL,
  `title` varchar(255) COLLATE utf8_unicode_ci NOT NULL,
  `date_create` datetime NOT NULL
) ENGINE=InnoDB DEFAULT CHARSET=utf8 COLLATE=utf8_unicode_ci;

--
-- Déchargement des données de la table `langues`
--

INSERT INTO `langues` (`id`, `user_id`, `title`, `date_create`) VALUES
(1, NULL, 'Anglais', '2018-04-08 23:07:02'),
(4, NULL, 'Français', '2018-04-08 23:07:46'),
(5, NULL, 'Arabe', '2018-04-08 23:07:55'),
(6, NULL, 'Allemand', '2018-04-10 18:52:13'),
(9, NULL, 'Italien', '2020-06-03 16:54:45'),
(10, NULL, 'Espagnol', '2020-06-03 16:55:35');

-- --------------------------------------------------------

--
-- Structure de la table `messages`
--

CREATE TABLE `messages` (
  `id` int(11) NOT NULL,
  `sender` int(11) DEFAULT NULL,
  `create_date` datetime DEFAULT NULL,
  `message` longtext COLLATE utf8_unicode_ci DEFAULT NULL,
  `conversation_id` int(11) DEFAULT NULL,
  `seen` tinyint(1) DEFAULT NULL
) ENGINE=InnoDB DEFAULT CHARSET=utf8 COLLATE=utf8_unicode_ci;

--
-- Déchargement des données de la table `messages`
--

INSERT INTO `messages` (`id`, `sender`, `create_date`, `message`, `conversation_id`, `seen`) VALUES
(73, 35, '2020-06-11 13:56:41', 'Lorem ipsum dolor sit amet, consectetur adipiscing elit, sed do eiusmod tempor incididunt ut labore et dolore magna aliqua. Venenatis cras sed felis eget velit aliquet sagittis id. Nam libero justo laoreet sit amet cursus. Blandit libero volutpat sed cras ornare arcu dui. Imperdiet massa tincidunt nunc pulvinar sapien et ligula. Odio ut sem nulla pharetra diam. In metus vulputate eu scelerisque felis imperdiet proin. Elementum curabitur vitae nunc sed velit dignissim. Eleifend quam adipiscing vitae proin sagittis nisl rhoncus mattis rhoncus. Turpis massa sed elementum tempus egestas sed sed. Sit amet nisl purus in mollis nunc. Ac turpis egestas sed tempus urna et pharetra pharetra massa. Nulla malesuada pellentesque elit eget gravida cum. Magna fermentum iaculis eu non diam. Ut pharetra sit amet aliquam id diam.', 51, 1),
(74, 41, '2020-06-11 13:58:42', 'Lorem ipsum dolor sit amet, consectetur adipiscing elit, sed do eiusmod tempor incididunt ut labore et dolore magna aliqua. Amet cursus sit amet dictum sit amet justo donec.', 51, 1),
(75, 41, '2020-06-11 17:01:56', 'sssssss', 51, 1),
(76, 41, '2020-06-11 17:20:43', 'dqsdqsdd', 51, 1),
(77, 41, '2020-06-11 17:21:12', 'dqsssssssssssssssssss', 51, 1),
(82, 35, '2020-06-11 17:26:45', 'wcwcwc', 52, 0),
(83, 35, '2020-06-11 17:38:35', 'sdfsdfsdf', 52, 0),
(84, 35, '2020-06-11 17:44:54', 'sssssssssssssssssssssss', 51, 1),
(85, 35, '2020-06-11 17:45:14', 'rzerzerzer', 51, 1),
(86, 35, '2020-06-11 17:45:35', 'fdgertet ert etert erteter te r zer zer', 51, 1),
(87, 35, '2020-06-11 17:46:46', 'etert ertert ', 51, 1),
(88, 35, '2020-06-11 17:47:27', 'gdfgdfg fd df gdf gfgfg', 51, 1),
(89, 41, '2020-06-11 17:52:10', 'timeline only displays events with a duration longer than this threshold)', 51, 1),
(90, 50, '2020-06-12 09:03:19', 'CC', NULL, 0),
(91, 50, '2020-06-12 09:03:30', 'CC', NULL, 0),
(92, 50, '2020-06-12 09:51:34', 'cc', NULL, 0),
(93, 50, '2020-06-12 09:51:36', 'cc', NULL, 0),
(94, 50, '2020-06-12 09:51:50', 'cc', NULL, 0),
(95, 48, '2020-06-12 10:19:01', 'hello', NULL, 0),
(96, 48, '2020-06-12 10:19:04', 'hello', NULL, 0),
(97, 50, '2020-06-15 09:09:25', 'test', NULL, 0),
(98, 50, '2020-06-15 09:09:28', 'test', NULL, 0),
(99, 50, '2020-06-15 09:09:28', 'test', NULL, 0),
(100, 50, '2020-06-15 09:09:28', 'test', NULL, 0);

-- --------------------------------------------------------

--
-- Structure de la table `notification`
--

CREATE TABLE `notification` (
  `id` int(11) NOT NULL,
  `destination_id` int(11) DEFAULT NULL,
  `ping_id` int(11) DEFAULT NULL,
  `status` int(11) DEFAULT NULL,
  `dateCreate` datetime NOT NULL
) ENGINE=InnoDB DEFAULT CHARSET=utf8 COLLATE=utf8_unicode_ci;

--
-- Déchargement des données de la table `notification`
--

INSERT INTO `notification` (`id`, `destination_id`, `ping_id`, `status`, `dateCreate`) VALUES
(1, 23, 1, 0, '2020-07-01 14:35:10'),
(2, 23, 2, 0, '2020-07-01 14:35:15'),
(3, 23, 2, 0, '2020-07-01 14:36:51'),
(4, 23, 1, 0, '2020-07-01 14:45:02'),
(5, 23, 3, 0, '2020-07-02 16:19:09'),
(6, 23, 4, 0, '2020-07-02 16:23:17'),
(7, 23, 4, 0, '2020-07-02 16:25:57');

-- --------------------------------------------------------

--
-- Structure de la table `ping`
--

CREATE TABLE `ping` (
  `id` int(11) NOT NULL,
  `source_id` int(11) DEFAULT NULL,
  `destination_id` int(11) DEFAULT NULL,
  `status` int(11) DEFAULT NULL,
  `dateCreate` datetime NOT NULL
) ENGINE=InnoDB DEFAULT CHARSET=utf8 COLLATE=utf8_unicode_ci;

--
-- Déchargement des données de la table `ping`
--

INSERT INTO `ping` (`id`, `source_id`, `destination_id`, `status`, `dateCreate`) VALUES
(1, 23, 47, 2, '2020-07-01 14:35:10'),
(2, 23, 52, 1, '2020-07-01 14:35:15'),
(3, 23, 42, 0, '2020-07-02 16:19:09'),
(4, 23, 53, 1, '2020-07-02 16:23:17');

-- --------------------------------------------------------

--
-- Structure de la table `poste`
--

CREATE TABLE `poste` (
  `id` int(11) NOT NULL,
  `user_id` int(11) DEFAULT NULL,
  `title` varchar(255) COLLATE utf8_unicode_ci NOT NULL,
  `date_create` datetime NOT NULL
) ENGINE=InnoDB DEFAULT CHARSET=utf8 COLLATE=utf8_unicode_ci;

--
-- Déchargement des données de la table `poste`
--

INSERT INTO `poste` (`id`, `user_id`, `title`, `date_create`) VALUES
(3, NULL, 'Ingénieur', '2018-04-10 18:46:44'),
(4, NULL, 'Technicien supérieur', '2018-04-10 18:46:55'),
(5, NULL, 'Ouvrier', '2018-04-10 18:47:05'),
(6, NULL, 'Directeur', '2018-04-10 18:47:14'),
(7, NULL, 'Assistant d\'administration', '2018-04-10 18:47:25'),
(8, NULL, 'Agent de sécurité', '2018-04-10 18:47:36'),
(9, NULL, 'Président Directeur Général', '2018-04-10 18:48:00'),
(10, NULL, 'Personnel d\'administration', '2018-04-10 18:48:47'),
(11, NULL, 'chef d\'équipe', '2018-04-11 15:05:48'),
(12, NULL, 'Test', '2018-12-10 11:23:07'),
(18, NULL, 'Développeur web', '2020-06-03 17:14:47'),
(19, NULL, 'Webdesigner', '2020-06-03 17:14:55'),
(20, NULL, 'Webmaster', '2020-06-03 17:15:03'),
(21, NULL, ' Expert en référencement', '2020-06-03 17:15:26'),
(22, NULL, 'Chef de projet web technique', '2020-06-03 17:15:54'),
(23, NULL, 'Spécialiste du Cloud Computing', '2020-06-03 17:16:20'),
(24, NULL, 'Consultant en Web Analytique', '2020-06-03 17:16:34'),
(25, NULL, 'Expert en cybersécurité', '2020-06-03 17:16:47'),
(26, NULL, 'Technicien helpdesk', '2020-06-03 17:18:17'),
(27, NULL, 'Technicien Système et Réseau', '2020-06-03 17:18:41'),
(28, NULL, 'Technicien Supérieur en Informatique', '2020-06-03 17:19:55'),
(30, NULL, 'Coordinateur des médias', '2020-06-03 17:21:35'),
(31, NULL, 'Technicien Support IT', '2020-06-03 17:22:19'),
(32, NULL, 'Ingénieur Administrateur Système', '2020-06-03 17:30:45'),
(33, NULL, 'Gestionnaire de parc micro-informatique', '2020-06-03 17:44:12'),
(34, NULL, 'Administrateur de base de données', '2020-06-03 17:44:56'),
(35, NULL, 'Ingénieur en Intelligence Artificielle', '2020-06-04 11:23:22'),
(36, NULL, 'Technicien réseaux - Téléphonie Mobile', '2020-06-04 11:24:51'),
(37, NULL, 'Technicien - Informatique de gestion', '2020-06-04 11:29:45'),
(38, NULL, 'Développeur Intégrateur web', '2020-06-04 11:35:38'),
(39, NULL, 'Developpeur applications mobiles', '2020-06-04 13:30:29'),
(40, NULL, 'Technicien en automatismes', '2020-06-04 13:31:51');

-- --------------------------------------------------------

--
-- Structure de la table `rating`
--

CREATE TABLE `rating` (
  `id` int(11) NOT NULL,
  `user_id` int(11) DEFAULT NULL,
  `langage_id` int(11) DEFAULT NULL,
  `level` int(11) DEFAULT NULL
) ENGINE=InnoDB DEFAULT CHARSET=utf8 COLLATE=utf8_unicode_ci;

--
-- Déchargement des données de la table `rating`
--

INSERT INTO `rating` (`id`, `user_id`, `langage_id`, `level`) VALUES
(1, 24, 6, 0),
(4, 24, 9, 5),
(12, 28, 13, 5),
(13, 28, 9, 5),
(14, 33, 1, 4),
(15, 33, 4, 4),
(16, 40, 9, 0),
(17, 40, 4, 0),
(19, 42, 1, 5),
(21, 42, 4, 2),
(23, 47, 13, 4),
(25, 47, 1, 4),
(27, 51, 1, 2),
(29, 49, 1, 0),
(34, 53, 13, 3),
(36, 52, 1, 3),
(38, 47, 41, 4),
(39, 47, 37, 4),
(40, 47, 39, 4),
(41, 47, 46, 4),
(42, 47, 20, 4),
(43, 47, 30, 4),
(44, 47, 99, 4),
(45, 44, 10, 4),
(46, 44, 1, 4),
(47, 44, 50, 2),
(48, 35, 39, 5),
(49, 35, 4, 5),
(50, 35, 1, 5),
(51, 35, 90, 5),
(52, 35, 10, 2),
(53, 35, 49, 4),
(54, 35, 112, 4),
(55, 48, 1, 4);

-- --------------------------------------------------------

--
-- Structure de la table `subscribed_candidat_entreprise`
--

CREATE TABLE `subscribed_candidat_entreprise` (
  `id` int(11) NOT NULL,
  `candidat_id` int(11) DEFAULT NULL,
  `entreprise_id` int(11) DEFAULT NULL,
  `datecreate` datetime NOT NULL
) ENGINE=InnoDB DEFAULT CHARSET=utf8 COLLATE=utf8_unicode_ci;

--
-- Déchargement des données de la table `subscribed_candidat_entreprise`
--

INSERT INTO `subscribed_candidat_entreprise` (`id`, `candidat_id`, `entreprise_id`, `datecreate`) VALUES
(1, 40, 23, '2020-02-10 19:26:52'),
(2, 45, 18, '2020-05-28 11:03:53'),
(3, 47, 18, '2020-05-28 11:35:53'),
(5, 46, 23, '2020-06-05 11:14:00'),
(6, 46, 16, '2020-06-05 11:17:59'),
(7, 48, 23, '2020-06-05 11:19:45'),
(9, 44, 23, '2020-06-08 13:37:37');

-- --------------------------------------------------------

--
-- Structure de la table `testimonials`
--

CREATE TABLE `testimonials` (
  `id` int(11) NOT NULL,
  `picture` varchar(255) COLLATE utf8_unicode_ci DEFAULT NULL,
  `state` tinyint(1) NOT NULL,
  `description` longtext COLLATE utf8_unicode_ci NOT NULL,
  `name` varchar(255) COLLATE utf8_unicode_ci NOT NULL,
  `function` varchar(255) COLLATE utf8_unicode_ci NOT NULL
) ENGINE=InnoDB DEFAULT CHARSET=utf8 COLLATE=utf8_unicode_ci;

--
-- Déchargement des données de la table `testimonials`
--

INSERT INTO `testimonials` (`id`, `picture`, `state`, `description`, `name`, `function`) VALUES
(2, 'f37e386e584a5077040ab9f3625a2ee7.jpeg', 1, 'Great website.. I found many jobs through it, it helps me a lot !', 'Mathieu', 'Web Developer'),
(3, '68c9ddbf30186c96486920470177b6c1.jpeg', 1, 'Ce site est vraiment une fortune ! J\'ai changé de carrière graçe a lui et je suis maintenant dans le job que je cherche depuis longtemps. Merci à vous !', 'Catrina', 'Sales manager'),
(4, 'b233e1ad4f7fc849a2a8f7285fd5a14c.jpeg', 0, 'Not like all websites of job hunting, I think this one is the best ! I feel very comfortable using it and search feature works very well. Keep making good work like this !', 'Hamdi', 'Production manager'),
(5, 'bc6710eb78b6a2b18ba035249d5cbc23.jpeg', 0, 'test test', 'Test', 'Test');

--
-- Index pour les tables déchargées
--

--
-- Index pour la table `candidat_langues`
--
ALTER TABLE `candidat_langues`
  ADD PRIMARY KEY (`user_id`,`langues_id`),
  ADD KEY `IDX_4890C0B3A76ED395` (`user_id`),
  ADD KEY `IDX_4890C0B328EAE92` (`langues_id`);

--
-- Index pour la table `contact_job`
--
ALTER TABLE `contact_job`
  ADD PRIMARY KEY (`id`);

--
-- Index pour la table `conversation`
--
ALTER TABLE `conversation`
  ADD PRIMARY KEY (`id`),
  ADD KEY `IDX_8A8E26E9E8A8DA23` (`userTwo`),
  ADD KEY `IDX_8A8E26E9830ED6B4` (`userOne`),
  ADD KEY `FK_8A8E26E9A346CBA` (`lastMessage`);

--
-- Index pour la table `departments`
--
ALTER TABLE `departments`
  ADD PRIMARY KEY (`id`);

--
-- Index pour la table `diploma`
--
ALTER TABLE `diploma`
  ADD PRIMARY KEY (`id`),
  ADD KEY `IDX_EC218957A76ED395` (`user_id`);

--
-- Index pour la table `experience`
--
ALTER TABLE `experience`
  ADD PRIMARY KEY (`id`),
  ADD KEY `IDX_590C103A76ED395` (`user_id`);

--
-- Index pour la table `favoris_jobs`
--
ALTER TABLE `favoris_jobs`
  ADD PRIMARY KEY (`id`),
  ADD KEY `IDX_1B14F7A28D0EB82` (`candidat_id`),
  ADD KEY `IDX_1B14F7A2BE04EA9` (`job_id`);

--
-- Index pour la table `field_activity`
--
ALTER TABLE `field_activity`
  ADD PRIMARY KEY (`id`),
  ADD KEY `IDX_7A4C8E97A76ED395` (`user_id`);

--
-- Index pour la table `formation`
--
ALTER TABLE `formation`
  ADD PRIMARY KEY (`id`),
  ADD KEY `IDX_404021BFA99ACEB5` (`diploma_id`),
  ADD KEY `IDX_404021BF4477D341` (`field_activity_id`),
  ADD KEY `IDX_404021BFA76ED395` (`user_id`);

--
-- Index pour la table `gallerys_job`
--
ALTER TABLE `gallerys_job`
  ADD PRIMARY KEY (`id`),
  ADD KEY `IDX_219D138BA76ED395` (`user_id`);

--
-- Index pour la table `information_job`
--
ALTER TABLE `information_job`
  ADD PRIMARY KEY (`id`);

--
-- Index pour la table `job`
--
ALTER TABLE `job`
  ADD PRIMARY KEY (`id`),
  ADD KEY `IDX_FBD8E0F8A76ED395` (`user_id`),
  ADD KEY `IDX_FBD8E0F8A99ACEB5` (`diploma_id`),
  ADD KEY `IDX_FBD8E0F8699F7681` (`fieldActivity_id`),
  ADD KEY `IDX_FBD8E0F8CCF9E01E` (`departement_id`);

--
-- Index pour la table `job_langages`
--
ALTER TABLE `job_langages`
  ADD PRIMARY KEY (`job_id`,`langages_id`),
  ADD KEY `IDX_AE88BF67BE04EA9` (`job_id`),
  ADD KEY `IDX_AE88BF67C88BBA17` (`langages_id`);

--
-- Index pour la table `job_langues`
--
ALTER TABLE `job_langues`
  ADD PRIMARY KEY (`job_id`,`langues_id`),
  ADD KEY `IDX_8B7281C2BE04EA9` (`job_id`),
  ADD KEY `IDX_8B7281C228EAE92` (`langues_id`);

--
-- Index pour la table `langages`
--
ALTER TABLE `langages`
  ADD PRIMARY KEY (`id`),
  ADD KEY `IDX_C9CF1A1CA76ED395` (`user_id`);

--
-- Index pour la table `langues`
--
ALTER TABLE `langues`
  ADD PRIMARY KEY (`id`),
  ADD KEY `IDX_119D3659A76ED395` (`user_id`);

--
-- Index pour la table `messages`
--
ALTER TABLE `messages`
  ADD PRIMARY KEY (`id`),
  ADD KEY `IDX_DB021E965F004ACF` (`sender`),
  ADD KEY `IDX_DB021E969AC0396` (`conversation_id`);

--
-- Index pour la table `notification`
--
ALTER TABLE `notification`
  ADD PRIMARY KEY (`id`),
  ADD KEY `IDX_BF5476CA816C6140` (`destination_id`),
  ADD KEY `IDX_BF5476CA470C4B73` (`ping_id`);

--
-- Index pour la table `ping`
--
ALTER TABLE `ping`
  ADD PRIMARY KEY (`id`),
  ADD KEY `IDX_25D53DFD953C1C61` (`source_id`),
  ADD KEY `IDX_25D53DFD816C6140` (`destination_id`);

--
-- Index pour la table `poste`
--
ALTER TABLE `poste`
  ADD PRIMARY KEY (`id`),
  ADD KEY `IDX_7C890FABA76ED395` (`user_id`);

--
-- Index pour la table `rating`
--
ALTER TABLE `rating`
  ADD PRIMARY KEY (`id`),
  ADD KEY `IDX_D8892622A76ED395` (`user_id`),
  ADD KEY `IDX_D8892622957BB53C` (`langage_id`);

--
-- Index pour la table `subscribed_candidat_entreprise`
--
ALTER TABLE `subscribed_candidat_entreprise`
  ADD PRIMARY KEY (`id`),
  ADD KEY `IDX_F10AA0F48D0EB82` (`candidat_id`),
  ADD KEY `IDX_F10AA0F4A4AEAFEA` (`entreprise_id`);

--
-- Index pour la table `testimonials`
--
ALTER TABLE `testimonials`
  ADD PRIMARY KEY (`id`);

--
-- AUTO_INCREMENT pour les tables déchargées
--

--
-- AUTO_INCREMENT pour la table `contact_job`
--
ALTER TABLE `contact_job`
  MODIFY `id` int(11) NOT NULL AUTO_INCREMENT, AUTO_INCREMENT=45;

--
-- AUTO_INCREMENT pour la table `conversation`
--
ALTER TABLE `conversation`
  MODIFY `id` int(11) NOT NULL AUTO_INCREMENT, AUTO_INCREMENT=53;

--
-- AUTO_INCREMENT pour la table `departments`
--
ALTER TABLE `departments`
  MODIFY `id` int(11) NOT NULL AUTO_INCREMENT, AUTO_INCREMENT=110;

--
-- AUTO_INCREMENT pour la table `diploma`
--
ALTER TABLE `diploma`
  MODIFY `id` int(11) NOT NULL AUTO_INCREMENT, AUTO_INCREMENT=10;

--
-- AUTO_INCREMENT pour la table `experience`
--
ALTER TABLE `experience`
  MODIFY `id` int(11) NOT NULL AUTO_INCREMENT, AUTO_INCREMENT=41;

--
-- AUTO_INCREMENT pour la table `favoris_jobs`
--
ALTER TABLE `favoris_jobs`
  MODIFY `id` int(11) NOT NULL AUTO_INCREMENT, AUTO_INCREMENT=6;

--
-- AUTO_INCREMENT pour la table `field_activity`
--
ALTER TABLE `field_activity`
  MODIFY `id` int(11) NOT NULL AUTO_INCREMENT, AUTO_INCREMENT=57;

--
-- AUTO_INCREMENT pour la table `formation`
--
ALTER TABLE `formation`
  MODIFY `id` int(11) NOT NULL AUTO_INCREMENT, AUTO_INCREMENT=34;

--
-- AUTO_INCREMENT pour la table `gallerys_job`
--
ALTER TABLE `gallerys_job`
  MODIFY `id` int(11) NOT NULL AUTO_INCREMENT;

--
-- AUTO_INCREMENT pour la table `information_job`
--
ALTER TABLE `information_job`
  MODIFY `id` int(11) NOT NULL AUTO_INCREMENT, AUTO_INCREMENT=2;

--
-- AUTO_INCREMENT pour la table `job`
--
ALTER TABLE `job`
  MODIFY `id` int(11) NOT NULL AUTO_INCREMENT, AUTO_INCREMENT=16;

--
-- AUTO_INCREMENT pour la table `langages`
--
ALTER TABLE `langages`
  MODIFY `id` int(11) NOT NULL AUTO_INCREMENT, AUTO_INCREMENT=117;

--
-- AUTO_INCREMENT pour la table `langues`
--
ALTER TABLE `langues`
  MODIFY `id` int(11) NOT NULL AUTO_INCREMENT, AUTO_INCREMENT=11;

--
-- AUTO_INCREMENT pour la table `messages`
--
ALTER TABLE `messages`
  MODIFY `id` int(11) NOT NULL AUTO_INCREMENT, AUTO_INCREMENT=101;

--
-- AUTO_INCREMENT pour la table `notification`
--
ALTER TABLE `notification`
  MODIFY `id` int(11) NOT NULL AUTO_INCREMENT, AUTO_INCREMENT=8;

--
-- AUTO_INCREMENT pour la table `ping`
--
ALTER TABLE `ping`
  MODIFY `id` int(11) NOT NULL AUTO_INCREMENT, AUTO_INCREMENT=5;

--
-- AUTO_INCREMENT pour la table `poste`
--
ALTER TABLE `poste`
  MODIFY `id` int(11) NOT NULL AUTO_INCREMENT, AUTO_INCREMENT=41;

--
-- AUTO_INCREMENT pour la table `rating`
--
ALTER TABLE `rating`
  MODIFY `id` int(11) NOT NULL AUTO_INCREMENT, AUTO_INCREMENT=56;

--
-- AUTO_INCREMENT pour la table `subscribed_candidat_entreprise`
--
ALTER TABLE `subscribed_candidat_entreprise`
  MODIFY `id` int(11) NOT NULL AUTO_INCREMENT, AUTO_INCREMENT=10;

--
-- AUTO_INCREMENT pour la table `testimonials`
--
ALTER TABLE `testimonials`
  MODIFY `id` int(11) NOT NULL AUTO_INCREMENT, AUTO_INCREMENT=6;

--
-- Contraintes pour les tables déchargées
--

--
-- Contraintes pour la table `candidat_langues`
--
ALTER TABLE `candidat_langues`
  ADD CONSTRAINT `FK_4890C0B328EAE92` FOREIGN KEY (`langues_id`) REFERENCES `langues` (`id`) ON DELETE CASCADE,
  ADD CONSTRAINT `FK_4890C0B3A76ED395` FOREIGN KEY (`user_id`) REFERENCES `fos_user_job` (`id`) ON DELETE CASCADE;

--
-- Contraintes pour la table `conversation`
--
ALTER TABLE `conversation`
  ADD CONSTRAINT `FK_8A8E26E9830ED6B4` FOREIGN KEY (`userOne`) REFERENCES `fos_user_job` (`id`) ON DELETE CASCADE,
  ADD CONSTRAINT `FK_8A8E26E9A346CBA` FOREIGN KEY (`lastMessage`) REFERENCES `messages` (`id`) ON DELETE CASCADE,
  ADD CONSTRAINT `FK_8A8E26E9E8A8DA23` FOREIGN KEY (`userTwo`) REFERENCES `fos_user_job` (`id`) ON DELETE CASCADE;

--
-- Contraintes pour la table `diploma`
--
ALTER TABLE `diploma`
  ADD CONSTRAINT `FK_EC218957A76ED395` FOREIGN KEY (`user_id`) REFERENCES `fos_user_job` (`id`) ON DELETE CASCADE;

--
-- Contraintes pour la table `experience`
--
ALTER TABLE `experience`
  ADD CONSTRAINT `FK_590C103A76ED395` FOREIGN KEY (`user_id`) REFERENCES `fos_user_job` (`id`) ON DELETE CASCADE;

--
-- Contraintes pour la table `favoris_jobs`
--
ALTER TABLE `favoris_jobs`
  ADD CONSTRAINT `FK_1B14F7A28D0EB82` FOREIGN KEY (`candidat_id`) REFERENCES `fos_user_job` (`id`) ON DELETE CASCADE,
  ADD CONSTRAINT `FK_1B14F7A2BE04EA9` FOREIGN KEY (`job_id`) REFERENCES `job` (`id`) ON DELETE CASCADE;

--
-- Contraintes pour la table `field_activity`
--
ALTER TABLE `field_activity`
  ADD CONSTRAINT `FK_7A4C8E97A76ED395` FOREIGN KEY (`user_id`) REFERENCES `fos_user_job` (`id`) ON DELETE CASCADE;

--
-- Contraintes pour la table `formation`
--
ALTER TABLE `formation`
  ADD CONSTRAINT `FK_404021BF4477D341` FOREIGN KEY (`field_activity_id`) REFERENCES `field_activity` (`id`) ON DELETE CASCADE,
  ADD CONSTRAINT `FK_404021BFA76ED395` FOREIGN KEY (`user_id`) REFERENCES `fos_user_job` (`id`) ON DELETE CASCADE,
  ADD CONSTRAINT `FK_404021BFA99ACEB5` FOREIGN KEY (`diploma_id`) REFERENCES `diploma` (`id`) ON DELETE CASCADE;

--
-- Contraintes pour la table `gallerys_job`
--
ALTER TABLE `gallerys_job`
  ADD CONSTRAINT `FK_219D138BA76ED395` FOREIGN KEY (`user_id`) REFERENCES `fos_user_job` (`id`) ON DELETE CASCADE;

--
-- Contraintes pour la table `job`
--
ALTER TABLE `job`
  ADD CONSTRAINT `FK_FBD8E0F8699F7681` FOREIGN KEY (`fieldActivity_id`) REFERENCES `field_activity` (`id`) ON DELETE CASCADE,
  ADD CONSTRAINT `FK_FBD8E0F8A76ED395` FOREIGN KEY (`user_id`) REFERENCES `fos_user_job` (`id`) ON DELETE CASCADE,
  ADD CONSTRAINT `FK_FBD8E0F8A99ACEB5` FOREIGN KEY (`diploma_id`) REFERENCES `diploma` (`id`) ON DELETE CASCADE,
  ADD CONSTRAINT `FK_FBD8E0F8CCF9E01E` FOREIGN KEY (`departement_id`) REFERENCES `departments` (`id`) ON DELETE CASCADE;

--
-- Contraintes pour la table `job_langages`
--
ALTER TABLE `job_langages`
  ADD CONSTRAINT `FK_AE88BF67BE04EA9` FOREIGN KEY (`job_id`) REFERENCES `job` (`id`) ON DELETE CASCADE,
  ADD CONSTRAINT `FK_AE88BF67C88BBA17` FOREIGN KEY (`langages_id`) REFERENCES `langages` (`id`) ON DELETE CASCADE;

--
-- Contraintes pour la table `job_langues`
--
ALTER TABLE `job_langues`
  ADD CONSTRAINT `FK_8B7281C228EAE92` FOREIGN KEY (`langues_id`) REFERENCES `langues` (`id`) ON DELETE CASCADE,
  ADD CONSTRAINT `FK_8B7281C2BE04EA9` FOREIGN KEY (`job_id`) REFERENCES `job` (`id`) ON DELETE CASCADE;

--
-- Contraintes pour la table `langages`
--
ALTER TABLE `langages`
  ADD CONSTRAINT `FK_C9CF1A1CA76ED395` FOREIGN KEY (`user_id`) REFERENCES `fos_user_job` (`id`) ON DELETE CASCADE;

--
-- Contraintes pour la table `langues`
--
ALTER TABLE `langues`
  ADD CONSTRAINT `FK_119D3659A76ED395` FOREIGN KEY (`user_id`) REFERENCES `fos_user_job` (`id`) ON DELETE CASCADE;

--
-- Contraintes pour la table `messages`
--
ALTER TABLE `messages`
  ADD CONSTRAINT `FK_DB021E965F004ACF` FOREIGN KEY (`sender`) REFERENCES `fos_user_job` (`id`) ON DELETE CASCADE,
  ADD CONSTRAINT `FK_DB021E969AC0396` FOREIGN KEY (`conversation_id`) REFERENCES `conversation` (`id`) ON DELETE CASCADE;

--
-- Contraintes pour la table `notification`
--
ALTER TABLE `notification`
  ADD CONSTRAINT `FK_BF5476CA470C4B73` FOREIGN KEY (`ping_id`) REFERENCES `ping` (`id`) ON DELETE CASCADE,
  ADD CONSTRAINT `FK_BF5476CA816C6140` FOREIGN KEY (`destination_id`) REFERENCES `fos_user_job` (`id`) ON DELETE CASCADE;

--
-- Contraintes pour la table `ping`
--
ALTER TABLE `ping`
  ADD CONSTRAINT `FK_25D53DFD816C6140` FOREIGN KEY (`destination_id`) REFERENCES `fos_user_job` (`id`) ON DELETE CASCADE,
  ADD CONSTRAINT `FK_25D53DFD953C1C61` FOREIGN KEY (`source_id`) REFERENCES `fos_user_job` (`id`) ON DELETE CASCADE;

--
-- Contraintes pour la table `poste`
--
ALTER TABLE `poste`
  ADD CONSTRAINT `FK_7C890FABA76ED395` FOREIGN KEY (`user_id`) REFERENCES `fos_user_job` (`id`) ON DELETE CASCADE;

--
-- Contraintes pour la table `rating`
--
ALTER TABLE `rating`
  ADD CONSTRAINT `FK_D8892622957BB53C` FOREIGN KEY (`langage_id`) REFERENCES `langages` (`id`) ON DELETE CASCADE,
  ADD CONSTRAINT `FK_D8892622A76ED395` FOREIGN KEY (`user_id`) REFERENCES `fos_user_job` (`id`) ON DELETE CASCADE;

--
-- Contraintes pour la table `subscribed_candidat_entreprise`
--
ALTER TABLE `subscribed_candidat_entreprise`
  ADD CONSTRAINT `FK_F10AA0F48D0EB82` FOREIGN KEY (`candidat_id`) REFERENCES `fos_user_job` (`id`) ON DELETE CASCADE,
  ADD CONSTRAINT `FK_F10AA0F4A4AEAFEA` FOREIGN KEY (`entreprise_id`) REFERENCES `fos_user_job` (`id`) ON DELETE CASCADE;
COMMIT;

